). What is the units digit of (x/(-4))/(3/12)?
2
Let k(g) be the second derivative of 5*g**3/6 + g. Let d = -23 - -26. What is the units digit of k(d)?
5
What is the units digit of (-2)/(-4)*1 + (-579)/(-6)?
7
Let t = 0 - -2. Suppose -2*m = 3*m - 4*w - 35, -14 = -t*m + 2*w. What is the units digit of m?
7
Suppose -5 = h, g = 2*h - 5*h + 94. What is the hundreds digit of g?
1
Let r be 7 + (-1)/1*-1. Suppose z - 2 = r. What is the units digit of z?
0
Let j(x) = -6*x + 4. Let a(v) = -12*v + 9. Let m(z) = 2*a(z) - 5*j(z). What is the tens digit of m(3)?
1
Suppose -v + 5*h = 0, 4*v - 2*h = -v - 46. Suppose -4*b = -2*z - 16, -z - 4*b - 9 = 5. What is the units digit of (24/z)/(3/v)?
8
Let w be (-2)/2 + (1 - 8). Let o be (-2)/(-8) - 30/w. Suppose -m = -o*c - 13, -3*m = -4*c + 3*c - 39. What is the tens digit of m?
1
Let k = 107 + -73. What is the tens digit of k?
3
Suppose -4*v - 4*c - 48 = 0, 6*c + 4 = v + 3*c. Let a = v + 18. What is the tens digit of a?
1
Let h(n) = -n**2 - 4*n + 5. Let w be h(-5). Suppose 3 = -w*j + 3*j. What is the units digit of (7/2)/j*2?
7
Suppose 4*l = -0 - 40. Let j(s) = s**3 + 11*s**2 + 10*s + 1. What is the units digit of j(l)?
1
Let s be (52/(-6))/(7/(-21)). Suppose 5*v - 2*m - 3 = m, 5*m - s = -2*v. What is the units digit of v?
3
Suppose -x = -5 - 36. Suppose -5*o + p = -x, 8 = -3*o + p + 33. What is the units digit of o?
8
Suppose -4 + 0 = -2*r. Suppose -r*m + 5 + 13 = 3*l, 4 = l. What is the units digit of m?
3
Suppose -3*z = 4*q - 2*z - 12, 3*q = 5*z + 9. Let s be (-12)/(-10)*20/q. Suppose k - s = -3*k. What is the units digit of k?
2
Suppose -r + 4 = -0*r. Let f(z) = -z**2 + 11*z - 12. Let p be f(8). Let c = p - r. What is the units digit of c?
8
Let h = 2 - -22. Suppose j - 2 - h = 0. What is the tens digit of j?
2
Let f(u) = u**2 + 3*u + 2. Let g = 1 + -4. Let h be f(g). Suppose -4 = -2*v, h*o = o + 3*v + 3. What is the units digit of o?
9
Let k(z) = -5*z**2 + 2*z + 1. Let j(r) = 2*r + 1. Let m be j(-1). Let o be k(m). Let q(y) = y**2 + 5*y + 8. What is the tens digit of q(o)?
1
Suppose -o - 12 = -91. Let r be -3 + 3 + -1 + o. What is the tens digit of 2/8 - r/(-8)?
1
Let r be 6/(-2) + 15/(-5). Let v = -7 + 7. What is the units digit of 8 - (v - r/(-3))?
0
Suppose 3*i = -5*c - 134, -5*i - 102 = 3*c + c. Let v = c - -62. What is the units digit of v?
4
Let v(m) be the first derivative of m**3/3 - m**2/2 - m - 6. What is the units digit of v(2)?
1
Suppose 16 = 2*w + 4*t, 2*w - 2*t = -3*t + 7. Let a be 1/(-2) + 19/w. Suppose 5*k - 17 = 2*r, 5*r = r + 5*k - a. What is the units digit of r?
4
Let f be 8/(-6)*(-6)/4. Suppose 0 = 2*i + 2 - 26. What is the units digit of 0 + 0 + i/f?
6
Let r(t) = -t**3 - 3*t**2 - 4*t - 2. Let f be r(-2). Suppose -f*m - 2*b + 28 = 0, -4*b - 43 = -2*m - 9*b. What is the units digit of m?
9
What is the tens digit of 3 + 95 - (-16)/4?
0
What is the units digit of (-13140)/(-70) - (-2)/7?
8
Let w(u) = -u**3 - 12*u**2 - 10*u + 13. Let r be w(-11). Suppose r*q - 150 = -4*q. What is the units digit of q?
5
Suppose 5*o - 1 = 14. Let w(m) = -m - 2. Let v be w(-2). Suppose -o*a = -v*a - 12. What is the units digit of a?
4
Suppose 0 = 3*d - 2*d + 4*m - 18, 0 = 2*d - m. What is the units digit of (3 - -2)*d + 3?
3
Suppose -4*x = -2*x + n - 200, -4*n = -5*x + 526. What is the hundreds digit of x?
1
Let r(g) = -g**2 - 8*g + 5. Let f be r(-8). Suppose 4 = 5*a + 3*v - 1, 0 = 2*a + f*v + 17. What is the units digit of a?
4
What is the tens digit of (-2314)/(-182) - -1*(-2)/(-7)?
1
Suppose 0*u + 36 = 3*u. Let n = -8 + u. What is the units digit of (-2 + 0)*(-14)/n?
7
Suppose -4*a - 45 = a. Let t(c) = -c**2 - 10*c - 6. Let z be t(a). Suppose 3*j + 7*r - 5 = z*r, 3*r - 23 = -5*j. What is the units digit of j?
7
Let y(c) = -c**3 + 7*c**2 - 5*c - 4. What is the units digit of y(4)?
4
Let c(u) = 7*u**3 - 2*u**2 - 3*u + 2. Suppose 4*r = -p + 12, -2*r - 12 = -6*p + 2*p. What is the units digit of c(r)?
4
Let v = 32 + -6. What is the units digit of v?
6
Suppose -4*b - 63 = -5*b. What is the tens digit of b?
6
Suppose 0 = -9*j + 10*j. Suppose -2*l + 90 - 12 = j. What is the tens digit of l?
3
Suppose 3*q = 4*q - 2. Let d(z) = 19*z - 1. Let f be d(2). Suppose -q*c = 2, -3*c = -a + 5*a - f. What is the tens digit of a?
1
Let c = -65 + 103. What is the tens digit of c?
3
What is the units digit of 84/(3*(64/(-36) - -2))?
6
Suppose 2*b = -4*o - 4, -5*b - 4*o = -2*o + 42. Let f = b - -14. What is the units digit of f?
4
Let l(g) = 2*g - 5. Suppose -p = -4*a + 3 + 9, a = -2*p + 3. Suppose -3*w + 3 = a*b, 43 = 2*b + b - 5*w. What is the units digit of l(b)?
7
Suppose -r + 34 = -42. Suppose 4*z - 6 = -w, 4*z = 3*w + 10 - r. Suppose 5 = 2*x + 3*g, 2*x + 3 = -g + w. What is the tens digit of x?
1
Suppose 2*x = -3*t + 27, -3*x - 2*t = -3*t - 13. Suppose w = -w + x. Suppose w*d = -d + 24. What is the units digit of d?
6
Let q(j) be the second derivative of -3/2*j**2 + 1/2*j**3 + 0 + 1/20*j**5 - 1/2*j**4 - j. What is the units digit of q(6)?
5
Suppose -4 = -c - 2. Let d = 1 + c. What is the units digit of d?
3
Let i be 1 + 3/3 - 0. Suppose 3*j - 2*p + 8 = 2*p, 24 = -j - 4*p. What is the units digit of j/(-6) - i/(-3)?
2
Let y(v) = -v**3 + 6*v**2 - 5*v + 3. Let m be y(5). Suppose 4*b - 112 = 5*z + 2*b, 2*b + 64 = -m*z. What is the units digit of z/(-1) - (-6)/(-2)?
9
Suppose -2*z - 9 = -5*z. Suppose -z*f = -2*q - 59, -4*q = -f + 36 - 3. What is the units digit of f?
7
Let y be 6*(3 + (-15)/6). Let c = y + 3. What is the units digit of c?
6
Suppose -6 - 14 = -4*d. What is the units digit of d?
5
Let x be (-14)/(-49) - 52/(-14). Suppose 52 = 4*b - b + 4*w, 0 = 2*b - x*w - 8. What is the tens digit of b?
1
Suppose 9 = 2*t - 2*u + 7*u, -t + 1 = -u. Suppose t*b = 4*b + 2*o - 64, -4*b + 127 = 5*o. What is the units digit of b?
3
Let k(j) = 29*j. What is the tens digit of k(2)?
5
Suppose -12 = -4*m - 0. Suppose 1 = m*p - 2. What is the units digit of p?
1
Let j(q) = q**2 + 5*q - 2. Let i(f) = 2*f + 6. Let s be i(5). Suppose -5*m - s = 14. What is the units digit of j(m)?
4
Let w(j) = -j**2 + 24*j - 8. What is the hundreds digit of w(10)?
1
Suppose 3 + 1 = z. Suppose p = -5*v + 49, 24 + 4 = z*v - 2*p. What is the units digit of v?
9
Let w = -9 - -23. What is the units digit of w?
4
Let s(n) = -1 - 4 - 4*n - 5*n - 2*n. Let o be s(-4). What is the units digit of 1/3*(o + 0)?
3
Suppose 2*m - 2*s = 22, 2*m + 3*s = -2*m + 16. Let y = 2 + m. What is the units digit of 9 - -1 - y/3?
7
Let j be -3*5/((-30)/(-56)). What is the units digit of (-18)/(-8) + 7/j?
2
Let r be 6/(-15) - 224/(-10). Suppose 4*n + 114 = -b, -2*n - r = -n - 3*b. What is the units digit of n/(-6) + 1/3?
5
Let y(t) = 2 - 3*t + 3 - 1. What is the units digit of y(-3)?
3
Suppose 0 = -0*r + 6*r - 2136. What is the tens digit of r?
5
Suppose -5*m = -2*a - 423, m - 46 - 37 = 2*a. What is the units digit of m?
5
Let m = 8 - 6. Suppose m*p + 9 = 3*t, 8*p = 3*p + 15. What is the units digit of (6/10)/(t/75)?
9
Let s(y) = -y**3 - 7*y**2 - 7*y - 6. Let p be s(-6). Suppose -5*j - 4*o + 40 = p, 3*j + 0 - 7 = o. What is the units digit of j?
4
Let g(h) be the third derivative of h**6/120 + h**5/12 + h**3 - 3*h**2. What is the units digit of g(-5)?
6
Let p(h) = 18*h - 6. Let q(d) = -1. Let c(a) = p(a) - 5*q(a). Let r be (-6)/(-9)*3 - 1. What is the units digit of c(r)?
7
Let h be -2 + 1 + 2 + 2. Let r = h + 0. Suppose 0 = -r*k - 2*p + p + 24, -2*k - 2*p + 20 = 0. What is the units digit of k?
7
Let h = -4 - -28. Let z = h - 12. What is the tens digit of z?
1
Let p(z) = -z**2 + 10*z + 9. Suppose -9*v + 4*v + 35 = 0. What is the units digit of p(v)?
0
Suppose 4*n + 1 + 115 = 4*x, 5*x = -4*n + 172. What is the units digit of x?
2
Suppose -4*i + i = 5*t - 238, i - 68 = 4*t. What is the units digit of i?
6
Suppose 2*p - 4*s = -20, 3*p - s = -7 + 2. Suppose -3 = -0*h - h + 4*j, p = -3*h - 4*j + 41. What is the units digit of h?
1
Suppose u - 4 = -u. Suppose -3*o + 19 = -k, -o + 2*k - 18 = -u*o. What is the units digit of o?
8
What is the units digit of (0 - 3) + (-10)/3*-6?
7
Let q(y) = y**3 + y**2 - 2*y - 4. What is the tens digit of q(4)?
6
Suppose -4*u + 6*u - 10 = 0. Let t(b) = -b**3 + 5*b**2 - b + 7. Let h be t(u). Suppose -3 = h*j - 7. What is the units digit of j?
2
What is the unit